of -p**4/24 - p**3/3 + 3*p**2/2 + 4. Let h(u) be the second derivative of t(u). Determine h(0).
-2
Let t be 7 - ((-12)/(-28))/(1/7). Let v(b) = b + 6. Let o be v(-4). Let r(k) = 2*k - o + 1 - 1. Calculate r(t).
6
Let r = 14 + -24. Let i = 7 + r. Let v be 10/(-25) + i/5. Let k(w) = -3*w**3 - w. Give k(v).
4
Suppose -b + 3*b + 12 = y, 5*y + 2*b = 24. Let m = y - 4. Suppose 0*l + 4*a = -m*l - 6, a - 3 = l. Let r(k) = -k**2 + 3. Calculate r(l).
-6
Let o(f) = 0 + 0 + 2*f + 2. Let x be (2/(-3))/(1/(-6)). Let t = -7 + x. What is o(t)?
-4
Let l(i) = -5*i + 1 - 5*i + 10*i - 4*i. Calculate l(-3).
13
Let j(i) be the first derivative of 3*i**2/2 - 4*i - 26. What is j(4)?
8
Let n(s) = s**2 - 3*s. Let g(t) = -t**3 + 8*t**2 + 9*t. Let v be g(9). Suppose -4*q + v = -5*d + 49, q + d = -10. Let r be (-8 - q)/(1/1). Give n(r).
0
Let l(v) = -6*v + 3. Suppose 5*c - s - 21 = -3, 0 = -3*c + 2*s + 15. Give l(c).
-15
Let n(t) = t**3 + 4*t**2 - t - 2. Let b be n(-4). Let u(m) = 7*m**2 + 5*m + m - 6*m**2 + 3 + 0*m**b. What is u(-6)?
3
Let b(m) = m - 14. Let f be b(0). Let p be (-8)/(-28) + 116/f. Let a be -2*(-2)/p*2. Let l(d) = 4*d - 1. Give l(a).
-5
Suppose -10 = -2*u - 6*a + 2*a, -3*u = 2*a - 15. Let d(v) = -v**3 + 7*v**2 - 6*v - 3. Determine d(u).
17
Let l(k) be the first derivative of -k**2/2 - k - 6. Suppose -4*a - 12 = -a. What is l(a)?
3
Let d(w) = 5*w**2 - 3*w - 8. Let z(q) = -9*q + 14*q**2 - 23 + 6*q - 6*q. Let x(k) = 11*d(k) - 4*z(k). Determine x(5).
-6
Let y(s) = -2*s - 1. Let n(v) = -4*v - 3. Let k(x) = -6*n(x) + 11*y(x). Give k(-6).
-5
Let m(f) = -f + 4. Suppose -2*v = 3*w - 12, 3*w = 4*v + 6 + 6. Let u = 0 - 7. Let r = w + u. What is m(r)?
7
Let o(f) = -f - 1. Let z be ((-2)/(-3))/((-2)/(-12)). Suppose 5 = -z*b + 1. Calculate o(b).
0
Let f be -3*(-1 - (-3)/(-9)). Let g(u) = -f + 2 + u**2 + 0*u - 1 - 2*u. Give g(-3).
12
Let k(i) = 10*i. Suppose 0*r - 5*r + 15 = 0. Suppose 0 = -r*h + 1 - 4. Calculate k(h).
-10
Let o(u) be the first derivative of -3*u**4/4 + 2*u**3/3 + 2*u - 17. Determine o(2).
-14
Suppose 43*j - 2 = 45*j. Let x(i) = -2*i - 2. What is x(j)?
0
Let c(i) be the second derivative of -i**3/6 + 4*i**2 - i. Suppose 0 = 3*h - 6 - 9. Calculate c(h).
3
Let g(d) = -d**3 + 3*d**2 + 5*d + 2. Suppose -4*k = -k - 12. Calculate g(k).
6
Let c(g) = -g**2 + 4*g. Let z = 24 - 41. Let n = z + 20. What is c(n)?
3
Let d(o) = o**3 + 2*o**2 - 4*o - 1. Let w(t) = -3*t**3 - 5*t**2 + 9*t + 2. Let x(a) = 5*d(a) + 2*w(a). Calculate x(-1).
2
Let a(l) be the third derivative of -1/8*l**4 + 0*l + 0 + 2*l**2 - 2/3*l**3. Let x be (3 - 2/2)*-2. Calculate a(x).
8
Let p(u) be the third derivative of u**6/120 - u**5/12 - u**4/24 + u**3 + u**2. Let g be (-6)/4*-2 + -1. Let z be ((-5)/g)/((-12)/24). Determine p(z).
1
Let w be 2 + -1 - (5 + -4). Suppose w*z = -z + 18. Let v(t) = -2*t - 22 + 3*t + z. Give v(3).
-1
Let g(w) be the second derivative of w**5/10 + w**4/6 + w**2/2 - 9*w. What is g(-2)?
-7
Let p(m) be the third derivative of m**5/60 - m**3/6 - 10*m**2. Suppose -5*x + 5 = -5. Let o = x - 3. Determine p(o).
0
Let j be 4 + (-1 - (-2 + -1)). Let u(x) = x**2 - 9*x + 5. Calculate u(j).
-13
Suppose -3*b - 4*u = 4, -b = b + u + 6. Let s(a) = a. Calculate s(b).
-4
Let i(q) be the second derivative of -q**5/20 - 5*q**4/12 + 3*q**2/2 + 5*q + 6. What is i(-4)?
-13
Let z(x) = x**3 + 3*x**2 + 2*x - 2. Let h be 1 + 4 + 0/2. Suppose h = -j + 3. Give z(j).
-2
Let h(u) be the third derivative of u**7/840 + u**6/60 + u**5/30 - u**4/8 - u**3/6 - 2*u**2. Let y(k) be the first derivative of h(k). What is y(-5)?
2
Let s be 9/2*2/3. Suppose s*p - 5*u = 22, 2*p = -p - u + 10. Let y(d) = -d**3 + 5*d**2 - 2*d - 3. What is y(p)?
5
Let p(k) = 1 - k + 1 - 6. What is p(-7)?
3
Let a(c) = 32*c - 12. Let t(g) = 13*g - 5. Let u(d) = 5*a(d) - 12*t(d). Give u(3).
12
Let r(d) = d**3. Let g(k) = -5*k**3 - 7*k**2 - k + 10. Let z(p) = g(p) + 6*r(p). Let m(o) = -o + 7. Let c be m(0). Determine z(c).
3
Suppose x + 4*x = 0. Suppose 5*r + 10 = x, y + 2*r + 3 + 6 = 0. Let h(k) = -3 - k + k**2 + 6 + 8*k. Give h(y).
-7
Let j(t) be the second derivative of -t**5/20 + t**4/3 - t**3/2 + 6*t. What is j(2)?
2
Let c(h) = -h**2 - 4*h. Let k be (3 + (-12)/8)*6. Let p be k/15 - (-56)/(-10). Give c(p).
-5
Let n(v) = -8*v - 2 + 9 + 5*v - 2. Calculate n(5).
-10
Let d be 0*3/(-9) - -2. Let a be d/9 - 25/(-9). Let w(u) = -u**3 + u**3 - u - u**a + u**2 - 6. Give w(0).
-6
Let j = 7 - 12. Let m(b) = b**3 - b**2 - 1. Let k(y) = 2*y**2 - y**2 - 2 + 2*y - 7*y**3 + 14. Let p(q) = -k(q) - 6*m(q). Give p(j).
4
Let f(d) be the first derivative of 1 - 1/2*d**2 + 0*d. What is f(0)?
0
Suppose 4*i - i = 0. Suppose -3*h - 4*l + 19 = i, -4*h - l + 23 = 2*l. Let d(q) = q**2 - 8*q + 3. Calculate d(h).
-12
Let j(q) be the first derivative of -4 - q + 0*q - 6*q**2 + 7*q**2. Let d(u) = u**2 - 5*u + 4. Let a be d(3). Give j(a).
-5
Suppose -6*a = -11*a - 80. Let q be a/40 - 13/5. Let n(z) = z - 2. What is n(q)?
-5
Let b(t) be the second derivative of -t**3/6 + 3*t**2/2 + 7*t. Determine b(-3).
6
Let f = 19 + -45. Let k be 378/91 - (-4)/f. Let j(d) = -d + 3. Determine j(k).
-1
Let h(f) = -2*f**3 - 5*f**2 - 2*f - 2. Let n(r) = -3*r**3 - 6*r**2 - 2*r - 2. Let o = -7 - -11. Let d(u) = o*h(u) - 3*n(u). Let a = 1 - -2. Calculate d(a).
1
Let y(o) = -13 - 10*o - 4*o + 8*o**2 - 9*o**2. Calculate y(-13).
0
Let g = 20 - 25. Let a(k) = -k**2 - 3*k + 2. Give a(g).
-8
Let f(n) = -2*n**3 + 2*n**2 - 3*n + 5. Let b be f(2). Let a(u) = u**2 + 9*u + 2. What is a(b)?
2
Let o = 45 - 52. Let h(v) = v**2 + 6*v - 1. Calculate h(o).
6
Let c(x) = 8*x**3 - x**2 + x + 1. Let l(m) = 4*m - 6. Let g be l(6). Let p be 6*3/g*3. Let q be (-6)/(-2)*p/(-9). Calculate c(q).
-9
Let z(a) = -2*a**3 + 13*a**2 + 4*a + 17. Let d(n) = n**3 - 6*n**2 - 2*n - 8. Let r(q) = -7*d(q) - 3*z(q). Let f = -25 - -29. Give r(f).
-3
Let g(c) = 8*c**2 - 4*c**3 - 3*c**2 + c**3 + 2*c**3 - 7. Calculate g(5).
-7
Suppose 0*i - 2*i + 5*d + 27 = 0, -4*i + d + 9 = 0. Let k(v) be the third derivative of -v**6/40 - v**5/60 + v**4/24 + v**2. What is k(i)?
-3
Let g(y) = -6*y + 25. Let l(q) = -q + 5. Let p(x) = 2*g(x) - 11*l(x). What is p(-5)?
0
Let a = 14 - 5. Suppose -3*s + 5*q - 2 - 8 = 0, 4*q = -s - a. Let o(v) be the first derivative of -v**3/3 - 7*v**2/2 - 6*v - 1. Calculate o(s).
4
Let v(d) = -d**2 - 6*d - 4. Let o(a) = a + 8. Let j(b) = -1. Let h(n) = 5*j(n) + o(n). Let y be h(-7). Give v(y).
4
Let u(l) = -l**3 + l + 1. Let q(f) = 3*f**3 - 5*f**2 + f + 4. Let a(c) = -q(c) - 4*u(c). Give a(-6).
-14
Suppose -5 = 3*b + l, -4*b + 0*l - 7 = l. Let d be ((-4)/(-6))/(b/(-6)). Let u(t) be the third derivative of t**5/60 + t**3/6 + 2*t**2. Calculate u(d).
5
Let r(y) = y. Let q(h) be the third derivative of h**6/20 - h**5/60 + h**4/24 - 4*h**2. Let m be q(1). Give r(m).
6
Let w = -8 + 3. Let l(z) = -3*z**2 - 2*z + 2*z**3 + 5*z + 4*z + 2. Let h(c) = -3*c**3 + 4*c**2 - 11*c - 3. Let k(m) = w*h(m) - 8*l(m). Calculate k(3).
5
Let y(d) = 5*d**2 + 4*d - 1. Suppose 4*p + 10 = -2. Let i(k) = -9*k**2 - 7*k + 3. Let f(b) = p*i(b) - 5*y(b). Determine f(-3).
11
Let a(k) = 12 - 2 + 2*k**2 - 7*k - 5. What is a(4)?
9
Let n(g) = -13*g**2 - 2*g + 13. Let q(f) = -7*f**2 - f + 6. Let c(o) = -6*n(o) + 11*q(o). Suppose -3*h - 3*h = 0. Determine c(h).
-12
Suppose 0*n - 5*n + 50 = 0. Let s(b) = 10 - 7 + b - n. Let p be (-2)/5 - 17/(-5). What is s(p)?
-4
Let x(f) = f**2 + 4*f. Let r = -7 + 4. Let c be x(r). Let l(s) = -s**3 - 4*s**2 - s + 1. What is l(c)?
-5
Let g(s) = -7*s**3 - 9*s**2 - 10*s - 8. Let r(i) = 6*i**3 + 8*i**2 + 9*i + 7. Let y(m) = 5*g(m) + 6*r(m). Suppose 3*u = u - 4. Determine y(u).
-2
Suppose -3*v + 5*d + 14 = 0, -v + d + 2 = -0*v. Let u be (-10)/25 + (-17)/(-5). Let n(p) = 2*p**3 - 2*p**2 + 0*p**2 + 0*p**u + 5*p**2. Give n(v).
-4
Let r(g) = -25 + 62 - 2*g**2 - 18 - 18 - 2*g. Let t(k) = -k - 4. Let a(u) = -3*u - 12. Let c(y) = -3*a(y) + 8*t(y). Let h be c(-6). Determine r(h).
-3
Let j(s) = 2*s**2 - 2*s - 1. Let a be j(3). Suppose 2*z = 5*z - r - 11, -2*z - 3*r = a. Suppose -x - 7 = -z. Let y(i) = -i**2 - 5*i + 5. Give y(x).
5
Let z = 0 - -4. Let l(w) = -w**2 + 4*w + 1. Determine l(z).
1
Let m(h) = h + 8. Let t be m(-7). Let k(d) = -t + 1 - 7*d. Suppose 4*l + 2 = 2*l - 4*r, 2*l + 2 = r. Calculate k(l).
7
Let m(i) = -i - 5. Let d be